 the tens digit of c?
4
Suppose -4256 + 16184 = 8*x. What is the units digit of x?
1
Let z be 1 + (8/(-2) - 0). Let g(a) = -24*a + 5. What is the units digit of g(z)?
7
Suppose -2*o + 2*b = -1171 + 135, 0 = 3*o - 2*b - 1554. What is the hundreds digit of o?
5
Let m(w) = -w**3 - 26*w**2 + 13*w - 14. What is the tens digit of m(-27)?
6
Suppose -39*r = -38511 + 10080. What is the tens digit of r?
2
Let q = 6 - 9. Let k be ((-32)/(-12) + q)*-24. What is the tens digit of (-2)/k*(15 - 67)?
1
Let k(w) = 37*w + 6. Let t(q) = q**3 + 11*q**2 - q - 9. Let j be t(-11). What is the units digit of k(j)?
0
Suppose 0*i = 2*i - 1386. What is the tens digit of i?
9
Suppose 2*o = 91 + 113. Let u = o - 51. Suppose 5*b - u = 44. What is the units digit of b?
9
Let n = -304 - -348. What is the units digit of n?
4
What is the tens digit of 39/2*12802/111?
4
Let s(z) = 2*z**2 - 19*z + 1. Let c be s(18). Let n = c - 213. What is the units digit of n?
4
Let z(q) = 3*q + 3. Let s be z(-4). Let v(c) = 2*c + 18. Let m be v(-3). Let i = s + m. What is the units digit of i?
3
Let j(c) = 2*c**2 - 2 - 3*c**2 + 10*c - 5*c + 2*c**2. Let b be j(-6). Suppose 0 = -3*m - b + 10. What is the units digit of m?
2
Suppose -2183 = -5*r - 4*m + 2679, 4*m + 982 = r. What is the hundreds digit of r?
9
Let t(y) = y**2 - 3*y + 1. Let x be t(4). Suppose 4*b - 98 = -5*m + 2*b, b = x*m - 86. What is the units digit of m?
8
Suppose -67 = -2*b + 139. Suppose -4*h = 12, 9*g - b = 7*g - 3*h. What is the tens digit of g?
5
Let q(y) = 391*y + 72. What is the tens digit of q(7)?
0
Let y(f) = -110*f - 8. Let i be y(-3). Suppose 5*t - 42 = -4*w + 296, 3*t = 4*w - i. What is the units digit of w?
2
What is the hundreds digit of 8752/(-6)*84/(-56)?
1
Let a(v) be the second derivative of v**5/20 + 2*v**4/3 + 3*v**3/2 + v**2/2 + 3*v. What is the units digit of a(-6)?
9
Let y = 561 + 3281. What is the tens digit of y?
4
Suppose -4*o + r + 1077 = 0, -3*r = 4*o - 432 - 657. What is the hundreds digit of o?
2
Let b(c) = c**2 - 8*c - 18. Let j be b(11). Suppose -p + j + 121 = 0. What is the units digit of p?
6
Suppose -26 + 167 = -3*v. Let a = 9 + v. Let r = 64 + a. What is the units digit of r?
6
Suppose 15*n - 11649 = 10116. What is the units digit of n?
1
What is the hundreds digit of (6 - 6*-275) + 6?
6
Suppose 2*g - 8 = -2*u + 44, -4*g - 3*u + 103 = 0. Suppose g*o - 56 = 23*o. What is the tens digit of o?
2
Let i(b) = 36*b**2 + b. Suppose -g = -j - 3, -4*g + g + j + 15 = 0. Suppose -2*f + g = 8. What is the units digit of i(f)?
5
Suppose 3*i - 4*h + 4 = -0*h, 5*i - 2*h = -2. Let l(q) = -q. Let y(n) = 2*n + 23. Let w(g) = l(g) + y(g). What is the tens digit of w(i)?
2
Suppose 24*g = 10*g + 6972. What is the units digit of g?
8
Suppose 2*a = 2*c - 1646, 2*c + 5*a = 5*c - 2459. What is the tens digit of c?
2
Let b = 8 - 7. Let r(g) = -2 - 6*g - 2*g**2 - 4*g**2 + 5*g**2 - b. What is the units digit of r(-5)?
2
Let m = -912 - -1358. What is the hundreds digit of m?
4
Let r = 2182 - 1184. What is the tens digit of r?
9
Suppose -3*f + 3*q + 801 = 0, 5*q = -5 - 20. What is the tens digit of f?
6
Suppose 3*p = 2*q - 2307, 4*q = 37*p - 38*p + 4621. What is the units digit of q?
5
Let m = -86 - -191. Suppose r + 2*r - m = 0. Suppose -g + 2*c + r = 0, -3*g + 4*c = -0*g - 99. What is the tens digit of g?
2
Suppose k + 5 = -44. What is the tens digit of -1*k*(5 - 4)?
4
Let o be (-36)/(-24)*4/3. Suppose o - 10 = -4*z. Let c = 3 - z. What is the units digit of c?
1
Suppose 2*s + 5*t + 7 + 26 = 0, -2*t - 14 = s. Let i = 1 - s. Suppose 5*p - 5*f - 292 + 117 = 0, -4*p + i*f = -137. What is the tens digit of p?
3
What is the hundreds digit of 0*(2 - 1) - (-570 - 5)?
5
Suppose -5*m + 4 = -26. Suppose -m*b + 169 + 827 = 0. What is the units digit of b?
6
Let r be (8/(-10))/(3/(-15)). Suppose -r*j + 4 = -2*y, -4*j + 1 = -3*y - 5. Suppose j + 20 = 2*b. What is the units digit of b?
0
Let r(f) = 5*f**3 - 4*f**2 + 5*f - 1. Suppose 0 + 1 = -t + n, -3*n = -2*t - 5. What is the units digit of r(t)?
3
Suppose o = 6 - 3. Suppose -18 = -o*i - 3. What is the units digit of i?
5
Suppose 5*p + 4 = -11, 5*p = 2*k - 189. Let m = -43 + k. What is the units digit of m?
4
Let p = 401 + -100. What is the units digit of p?
1
Suppose 3*m = 12*m - 4311. What is the units digit of m?
9
Suppose 0 = 3*n + 24 - 72. Let g = n + -14. What is the units digit of g?
2
Suppose 0 = 5*t - 11*t + 90. What is the units digit of t?
5
Suppose -222 = -26*g + 24*g. Let r = g + 36. What is the units digit of r?
7
Let r = -14 - -20. Suppose m - p - 110 = 0, -3*p + r*p - 318 = -3*m. What is the hundreds digit of m?
1
Suppose -4*z - 2*v + 10 = z, 3*z + 5*v - 25 = 0. Let m(p) = -p**2 - p + 120. What is the hundreds digit of m(z)?
1
Let f(y) = -42*y - 21. Let s be f(-12). What is the tens digit of (-2)/(-8) - s/(-4)?
2
Let o = -470 + 538. Let t(u) = u**2 - 3*u + 1. Let r be t(6). Suppose -a - r = -o. What is the tens digit of a?
4
Suppose 5*c = -3*j + 42, 38 = 2*c + 2*c - 2*j. Let t = c - 4. What is the units digit of t - (-5 + 0 - -2)?
8
Let i(y) = y**2 - 5*y + 6. Let v be i(4). Let f be 12 + (-1 - (-2 + v)). Let s = f + 1. What is the tens digit of s?
1
Suppose 0 = 7*d + 25 + 52. Let c(z) = -10*z - 6. Let s be c(6). What is the tens digit of (-2)/d - 648/s?
1
Suppose 0*v = -3*v + 5*g + 2366, 1580 = 2*v - 4*g. What is the hundreds digit of v?
7
Let d = 47 - 25. Suppose -27*p = -d*p - 380. What is the tens digit of p?
7
Suppose -6 = -6*y + 18. What is the tens digit of 155/(3 - 8/y)?
5
Let f be (-4)/(-5) - (-29)/(-5). Let h(y) = -y + 5. Let p be h(f). Suppose -2*k + 48 = 4*w - p, -5*k + 4*w = -187. What is the units digit of k?
5
Let o(z) = 5*z**2 - 7*z + 9*z**2 - 33 - 13*z**2. What is the tens digit of o(13)?
4
Let j be (1/3)/(11/16401). Suppose 26*r - 19*r = j. What is the units digit of r?
1
Let y(s) = -109*s**2 - 10*s + 4. Let m be y(2). Let k = -244 - m. What is the hundreds digit of k?
2
Let z(t) = 1 - 1 - 2 - 6*t - 2 - 4*t**2. Let a(i) = -4*i**2 - 5*i - 3. Let n(g) = -4*a(g) + 3*z(g). What is the tens digit of n(2)?
2
Suppose -j = 4*r - 257, -5*j - 68 = 2*r - 219. Let z be (-630)/(-7) - 1*-5. Let s = z - r. What is the units digit of s?
2
Let c be 873/12 + 3/12. Let u be (-2 + 16/6)/((-2)/(-81)). Suppose 2*b = c + u. What is the tens digit of b?
5
Suppose -2*q = -25 - 645. What is the units digit of q?
5
Suppose 152 = 4*y - 376. What is the units digit of y?
2
Let f(c) = c. Let m be f(-7). Let r = 13 - m. Suppose -3*u = u + r, 3*k - 3*u = 75. What is the units digit of k?
0
Let x(z) = 4*z - 20. Suppose -6*t + 2*t + 4 = 0. Suppose t = 2*v - 15. What is the tens digit of x(v)?
1
Let x(q) = -q**2 + 18*q. Let y be x(17). Let v = y - 15. Suppose 0 = -v*b - 2*f + 14, -5 + 18 = -b + 3*f. What is the units digit of b?
2
Let v(t) = 1. Let k(s) = -12*s - 8. Let i be -2 + 2 + 3 + -2. Let h(q) = i*k(q) + 4*v(q). What is the units digit of h(-4)?
4
What is the units digit of (-5)/(34 - -1) - 814/(-14)?
8
Suppose -r - 3*n = 21, 4*r - 2*r + n + 17 = 0. Let w = r + -9. Let m = w + 37. What is the tens digit of m?
2
Suppose -x + 2*v = -39, 0 = 2*x + 2*v - 3*v - 66. Suppose -o = -4*j - 24, -o = -j - x - 5. Let c = -20 + o. What is the tens digit of c?
2
Suppose -43 = -2*c - 5*b + 105, 2*c - 148 = -4*b. Suppose 0 = 2*v - l + 6*l - 86, -2*v - 2*l = -c. What is the units digit of v?
3
Let u be (18/(-3))/((-2)/(-3)). Let l = -4 + u. Let j = l - -54. What is the units digit of j?
1
Let s be (12/3 - 4)/(-1). Let r be 3 + 1 + s + -15. Let i = 31 + r. What is the tens digit of i?
2
Suppose a = -2*l - 2*a - 3, 0 = l + 5*a + 12. What is the units digit of l/(-18) - 1586/(-12)?
2
Let p be (-3)/(-2) - 228/8. Let b = p - -38. What is the tens digit of b?
1
Suppose m - 68 = -14. Suppose 3*r - 105 = 3*h, 0*r - 40 = h - 2*r. Let z = h + m. What is the units digit of z?
4
Suppose 0 = n + 5, 4*b - 9 - 71 = -4*n. Suppose -3*y - 7 + 0 = 2*w, 5*y - 4*w = b. What is the tens digit of (32 - -4)/(1/y)?
3
Let x be (-3)/(-1)*1 + -1. Suppose -3*q - x*q + 1240 = 0. Suppose -4*y = -3*f - q, -4*f - 132 - 54 = -3*y. What is the units digit of y?
2
Let m(o) be the first derivative of o**4/4 - o**3 - 13*o**2/2 + 28*o - 32. What is the units digit of m(8)?
4
Let v(k) = -k**3 - k**2 - k + 1. Let g(n) = -n**3 + 2*